remainder when 120 is divided by 5?
0
What is the remainder when 36 is divided by 13?
10
What is the remainder when 769 is divided by 31?
25
Calculate the remainder when 214 is divided by 24.
22
What is the remainder when 15403 is divided by 195?
193
What is the remainder when 476 is divided by 15?
11
Calculate the remainder when 110 is divided by 73.
37
Calculate the remainder when 171 is divided by 25.
21
Calculate the remainder when 12 is divided by 8.
4
What is the remainder when 658 is divided by 219?
1
Calculate the remainder when 102 is divided by 36.
30
Calculate the remainder when 737 is divided by 57.
53
Calculate the remainder when 751 is divided by 216.
103
Calculate the remainder when 174 is divided by 46.
36
Calculate the remainder when 609 is divided by 34.
31
What is the remainder when 1390 is divided by 20?
10
What is the remainder when 572 is divided by 41?
39
What is the remainder when 2287 is divided by 76?
7
Calculate the remainder when 404 is divided by 29.
27
What is the remainder when 1234 is divided by 1234?
0
What is the remainder when 243 is divided by 13?
9
Calculate the remainder when 5485 is divided by 16.
13
What is the remainder when 12874 is divided by 1608?
10
What is the remainder when 143 is divided by 58?
27
Calculate the remainder when 1724 is divided by 69.
68
Calculate the remainder when 946 is divided by 238.
232
What is the remainder when 187 is divided by 94?
93
Calculate the remainder when 248 is divided by 120.
8
What is the remainder when 102 is divided by 20?
2
What is the remainder when 78 is divided by 10?
8
Calculate the remainder when 181 is divided by 44.
5
Calculate the remainder when 1261 is divided by 127.
118
Calculate the remainder when 297 is divided by 20.
17
What is the remainder when 525 is divided by 218?
89
What is the remainder when 455 is divided by 47?
32
Calculate the remainder when 790 is divided by 147.
55
Calculate the remainder when 201 is divided by 2.
1
What is the remainder when 3312 is divided by 83?
75
Calculate the remainder when 3564 is divided by 41.
38
What is the remainder when 265 is divided by 27?
22
What is the remainder when 17 is divided by 14?
3
What is the remainder when 1874 is divided by 57?
50
Calculate the remainder when 3898 is divided by 39.
37
What is the remainder when 345 is divided by 340?
5
Calculate the remainder when 653 is divided by 82.
79
Calculate the remainder when 141 is divided by 15.
6
Calculate the remainder when 727 is divided by 241.
4
What is the remainder when 63 is divided by 29?
5
Calculate the remainder when 988 is divided by 87.
31
What is the remainder when 198 is divided by 20?
18
Calculate the remainder when 537 is divided by 129.
21
Calculate the remainder when 940 is divided by 101.
31
What is the remainder when 127 is divided by 65?
62
What is the remainder when 12 is divided by 7?
5
Calculate the remainder when 45 is divided by 26.
19
What is the remainder when 612 is divided by 252?
108
What is the remainder when 417 is divided by 7?
4
What is the remainder when 828 is divided by 234?
126
Calculate the remainder when 276 is divided by 141.
135
What is the remainder when 123 is divided by 56?
11
What is the remainder when 43079 is divided by 30?
29
What is the remainder when 2890 is divided by 366?
328
What is the remainder when 370 is divided by 34?
30
Calculate the remainder when 381 is divided by 366.
15
What is the remainder when 1098 is divided by 272?
10
Calculate the remainder when 659 is divided by 218.
5
What is the remainder when 50598 is divided by 10?
8
Calculate the remainder when 64 is divided by 47.
17
What is the remainder when 9297 is divided by 75?
72
What is the remainder when 20 is divided by 15?
5
What is the remainder when 692 is divided by 115?
2
Calculate the remainder when 114 is divided by 40.
34
What is the remainder when 201 is divided by 69?
63
What is the remainder when 828 is divided by 32?
28
Calculate the remainder when 990 is divided by 247.
2
What is the remainder when 298 is divided by 43?
40
Calculate the remainder when 4866 is divided by 14.
8
Calculate the remainder when 6679 is divided by 26.
23
Calculate the remainder when 88620 is divided by 229.
226
What is the remainder when 622 is divided by 47?
11
Calculate the remainder when 298 is divided by 9.
1
What is the remainder when 285 is divided by 22?
21
Calculate the remainder when 1746 is divided by 872.
2
What is the remainder when 1781 is divided by 417?
113
Calculate the remainder when 338 is divided by 11.
8
Calculate the remainder when 3552 is divided by 7.
3
What is the remainder when 2955 is divided by 51?
48
What is the remainder when 15868 is divided by 230?
228
What is the remainder when 5222 is divided by 48?
38
Calculate the remainder when 1266 is divided by 141.
138
What is the remainder when 105 is divided by 42?
21
Calculate the remainder when 1461 is divided by 184.
173
Calculate the remainder when 119 is divided by 62.
57
Calculate the remainder when 534 is divided by 49.
44
Calculate the remainder when 1795 is divided by 58.
55
What is the remainder when 444 is divided by 30?
24
What is the remainder when 700 is divided by 78?
76
Calculate the remainder when 95 is divided by 11.
7
What is the remainder when 4766 is divided by 16?
14
What is the remainder when 845 is divided by 114?
47
What is the remainder when 74 is divided by 3?
2
Calculate the remainder when 2985 is divided by 295.
35
Calculate the remainder when 1878 is divided by 20.
18
Calculate the remainder when 9239 is divided by 60.
59
Calculate the remainder when 417 is divided by 30.
27
Calculate the remainder when 1264 is divided by 421.
1
Calculate the remainder when 906 is divided by 5.
1
Calculate the remainder when 418 is divided by 30.
28
What is the remainder when 80 is divided by 12?
8
What is the remainder when 52 is divided by 41?
11
Calculate the remainder when 1991 is divided by 124.
7
What is the remainder when 115 is divided by 24?
19
What is the remainder when 27509 is divided by 70?
69
Calculate the remainder when 472 is divided by 19.
16
Calculate the remainder when 460 is divided by 64.
12
What is the remainder when 7 is divided by 2?
1
What is the remainder when 146 is divided by 54?
38
Calculate the remainder when 598 is divided by 122.
110
What is the remainder when 1496 is divided by 150?
146
Calculate the remainder when 3585 is divided by 1792.
1
Calculate the remainder when 447 is divided by 219.
9
What is the remainder when 2287 is divided by 13?
12
Calculate the remainder when 1862 is divided by 367.
27
Calculate the remainder when 798 is divided by 40.
38
Calculate the remainder when 88 is divided by 23.
19
What is the remainder when 79 is divided by 21?
16
What is the remainder when 69 is divided by 45?
24
Calculate the remainder when 29 is divided by 12.
5
What is the remainder when 270 is divided by 71?
57
What is the remainder when 943 is divided by 21?
19
What is the remainder when 238 is divided by 7?
0
Calculate the remainder when 55 is divided by 39.
16
What is the remainder when 478 is divided by 6?
4
What is the remainder when 45508 is divided by 37?
35
What is the remainder when 228 is divided by 59?
51
Calculate the remainder when 456 is divided by 222.
12
Calculate the remainder when 1844 is divided by 14.
10
What is the remainder when 3858 is divided by 18?
6
Calculate the remainder when 623 is divided by 125.
123
Calculate the remainder when 447 is divided by 157.
133
Calculate the remainder when 194 is divided by 41.
30
Calculate the remainder when 443 is divided by 113.
104
What is the remainder when 100 is divided by 39?
22
What is the remainder when 77 is divided by 57?
20
Calculate the remainder when 733 is divided by 18.
13
Calculate the remainder when 539 is divided by 60.
59
What is the remainder when 790 is divided by 80?
70
What is the remainder when 1086 is divided by 32?
30
What is the remainder when 364 is divided by 72?
4
What is the remainder when 19 is divided by 3?
1
Calculate the remainder when 507 is divided by 15.
12
Calculate the remainder when 128 is divided by 66.
62
Calculate the remainder when 241 is divided by 72.
25
What is the remainder when 181 is divided by 14?
13
Calculate